{"id":125,"date":"2019-05-05T08:29:41","date_gmt":"2019-05-05T06:29:41","guid":{"rendered":"http:\/\/permanentnimakeup.cz\/alicesedmikova\/?page_id=125"},"modified":"2019-10-10T21:53:08","modified_gmt":"2019-10-10T19:53:08","slug":"ochrana-osobnich-udaju","status":"publish","type":"page","link":"https:\/\/permanentnimakeup.cz\/alicesedmikova\/ochrana-osobnich-udaju\/","title":{"rendered":"Ochrana osobn\u00edch \u00fadaj\u016f"},"content":{"rendered":"[vc_row][vc_column][vc_column_text]<\/p>\n\n\n<p>[\/vc_column_text][\/vc_column][\/vc_row][vc_row][vc_column][vc_column_text]<p>V\u00e1\u017een\u00e9 klientky,<br \/>\u0159\u00e1dn\u00e9 zpracov\u00e1n\u00ed Va\u0161ich osobn\u00edch \u00fadaj\u016f je pro m\u011b velmi d\u016fle\u017eit\u00e9 a jejich ochrana je pro m\u011b naprostou samoz\u0159ejmost\u00ed, proto bych V\u00e1m r\u00e1da poskytla podrobn\u00e9 informace p\u0159edev\u0161\u00edm o tom, pro\u010d zpracov\u00e1v\u00e1m Va\u0161e osobn\u00ed \u00fadaje, jak\u00e9 d\u016fvody k tomu m\u00e1m, jak\u00e1 pr\u00e1va m\u00e1te v souvislosti se zpracov\u00e1n\u00edm Va\u0161ich osobn\u00edch \u00fadaj\u016f, ale i dal\u0161\u00ed informace, kter\u00e9 by V\u00e1s mohly zaj\u00edmat a kter\u00e9 se t\u00fdkaj\u00ed zpracov\u00e1n\u00ed osobn\u00edch \u00fadaj\u016f.<\/p>\n<p>Pokud byste m\u011bly k tomuto dokumentu jak\u00e9koliv dotazy \u010di p\u0159ipom\u00ednky, nev\u00e1hejte se na m\u011b obr\u00e1tit \u2013 telefonicky na +420 603 266 614, e-mailovou adresu alice@permanentnimakeup.cz \u010di p\u0159\u00edmo p\u00edsemn\u011b na adresu Alice Sedm\u00edkov\u00e1, Na B\u0159evnovsk\u00e9 pl\u00e1ni 65, Praha 6.<\/p>\n<h3>KDO JE SPR\u00c1VCEM VA\u0160ICH OSOBN\u00cdCH \u00daDAJ\u016e?<\/h3>\n<p>Spr\u00e1vcem osobn\u00edch \u00fadaj\u016f je fyzick\u00e1 osoba nebo spole\u010dnost, kter\u00e1 ur\u010duje \u00fa\u010del a prost\u0159edky zpracov\u00e1n\u00ed osobn\u00edch \u00fadaj\u016f. Spr\u00e1vcem Va\u0161ich osobn\u00edch \u00fadaj\u016f jsem j\u00e1 \u2013 Alice Sedm\u00edkov\u00e1, I\u010c 61019445, se s\u00eddlem Na B\u0159evnovsk\u00e9 pl\u00e1ni 65, Praha 6.<\/p>\n<h3>JAK\u00c9 VA\u0160E OSOBN\u00cd \u00daDAJE ZPRACOV\u00c1V\u00c1M?<\/h3>\n<p>Zpracov\u00e1v\u00e1m n\u00e1sleduj\u00edc\u00ed kategorie osobn\u00edch \u00fadaj\u016f<\/p>\n<ul>\n<li>Z\u00e1kladn\u00ed identifika\u010dn\u00ed \u00fadaje \u2013 jm\u00e9no, p\u0159\u00edjmen\u00ed, datum narozen\u00ed.<\/li>\n<li>Kontaktn\u00ed \u00fadaje \u2013 telefonn\u00ed \u010d\u00edslo, emailov\u00e1 adresa<\/li>\n<\/ul>\n<h3>Z JAK\u00ddCH ZDROJ\u016e OSOBN\u00cd \u00daDAJE POCH\u00c1ZEJ\u00cd?<\/h3>\n<p>Osobn\u00ed \u00fadaje uveden\u00e9 v p\u0159edchoz\u00edm bodu z\u00edsk\u00e1v\u00e1me p\u0159\u00edmo od V\u00e1s.<\/p>\n<h3>JAK DLOUHO BUDU VA\u0160E OSOBN\u00cd \u00daDAJE ZPRACOV\u00c1VAT?<\/h3>\n<p>Pokud jste moj\u00ed klientkou, bude V\u00e1\u0161 souhlas platit po dobu 10 let od jeho ud\u011blen\u00ed nebo do doby, ne\u017e souhlas odvol\u00e1te.<br \/>Po uplynut\u00ed doby budou Va\u0161e osobn\u00ed \u00fadaje vymaz\u00e1ny.<\/p>\n<h3>ZA JAK\u00ddM \u00da\u010cELEM BUDU VA\u0160E OSOBN\u00cd \u00daDAJE ZPRACOV\u00c1VAT?<\/h3>\n<ul>\n<li>Zpracov\u00e1n\u00ed na z\u00e1klad\u011b smlouvy<br \/>Va\u0161e osobn\u00ed \u00fadaje zpracov\u00e1v\u00e1m za \u00fa\u010delem pln\u011bn\u00ed smlouvy tzn. komunikaci za \u00fa\u010delem rezervace term\u00edn\u016f pro va\u0161\u00ed n\u00e1v\u0161t\u011bvu<\/li>\n<\/ul>\n<ul>\n<li>Zpracov\u00e1n\u00ed pro \u00fa\u010dely marketingu<br \/>Va\u0161e osobn\u00ed \u00fadaje zpracov\u00e1v\u00e1m tak\u00e9 pro \u00fa\u010dely marketingu, pokud od V\u00e1s m\u00e1m tomuto \u00fa\u010delu ud\u011blen\u00fd souhlas (viz\u00a0<a href=\"\/alicesedmikova\/informacni-memorandum\/\">Informa\u010dn\u00ed memorandum<\/a>)<\/li>\n<\/ul>\n<h3>KDO M\u016e\u017dE M\u00cdT P\u0158\u00cdSTUP K VA\u0160IM OSOBN\u00cdM \u00daDAJ\u016eM?<\/h3>\n<p>K va\u0161im osobn\u00edm \u00fadaj\u016fm budu m\u00edt p\u0159\u00edstup pouze j\u00e1 \u2013 Alice Sedm\u00edkov\u00e1, I\u010c 61019445, se s\u00eddlem Na B\u0159evnovsk\u00e9 pl\u00e1ni 65, Praha 6.<\/p>\n<h3>JAK\u00c1 JSOU VA\u0160E PR\u00c1VA P\u0158I ZPRACOV\u00c1N\u00cd OSOBN\u00cdCH \u00daDAJ\u016e?<\/h3>\n<h4>Pr\u00e1vo na informace o zpracov\u00e1n\u00ed Va\u0161ich osobn\u00edch \u00fadaj\u016f<\/h4>\n<p>Informace obsahuj\u00ed zejm\u00e9na: toto\u017enost a kontaktn\u00ed \u00fadaje spr\u00e1vce, jeho z\u00e1stupce a p\u0159\u00edpadn\u011b i pov\u011b\u0159ence pro ochranu osobn\u00edch \u00fadaj\u016f, \u00fa\u010dely zpracov\u00e1n\u00ed, kategorie dot\u010den\u00fdch osobn\u00edch \u00fadaj\u016f, p\u0159\u00edjemce nebo kategorie p\u0159\u00edjemc\u016f osobn\u00edch \u00fadaj\u016f<\/p>\n<h4>Pr\u00e1vo na p\u0159\u00edstup k osobn\u00edm \u00fadaj\u016fm<\/h4>\n<p>M\u00e1te pr\u00e1vo na potvrzen\u00ed, zda osobn\u00ed \u00fadaje jsou \u010di nejsou zpracov\u00e1v\u00e1ny a pokud ano, m\u00e1te p\u0159\u00edstup k informac\u00edm o \u00fa\u010delech zpracov\u00e1n\u00ed, kategori\u00edch dot\u010den\u00fdch osobn\u00edch \u00fadaj\u016f, p\u0159\u00edjemc\u00edch nebo kategori\u00edch p\u0159\u00edjemc\u016f, dobu uchov\u00e1van\u00ed osobn\u00edch \u00fadaj\u016f, informace o Va\u0161ich pr\u00e1vech, o pr\u00e1vu podat st\u00ed\u017enost \u00da\u0159adu pro ochranu osobn\u00edch \u00fadaj\u016f, informace o zdroji osobn\u00edch \u00fadaj\u016f, informace o tom, zda doch\u00e1z\u00ed k automatizovan\u00e9mu rozhodov\u00e1n\u00ed a profilov\u00e1n\u00ed, informace a z\u00e1ruky v p\u0159\u00edpad\u011b p\u0159ed\u00e1v\u00e1n\u00ed osobn\u00edch \u00fadaj\u016f do t\u0159et\u00ed zem\u011b nebo mezin\u00e1rodn\u00ed organizace. M\u00e1te pr\u00e1vo na poskytnut\u00ed kopi\u00ed zpracov\u00e1van\u00fdch osobn\u00edch \u00fadaj\u016f.<\/p>\n<h4>Pr\u00e1vo na opravu<\/h4>\n<p>Zpracov\u00e1v\u00e1m Va\u0161e neaktu\u00e1ln\u00ed \u010di nep\u0159esn\u00e9 osobn\u00ed \u00fadaje? Zm\u011bnila jste nap\u0159\u00edklad adresu bydli\u0161t\u011b? Informujte m\u011b pros\u00edm, a j\u00e1 osobn\u00ed \u00fadaje oprav\u00edm.<\/p>\n<h4>Pr\u00e1vo na v\u00fdmaz (pr\u00e1vo b\u00fdt zapomenut)<\/h4>\n<p>V n\u011bkter\u00fdch z\u00e1konem stanoven\u00fdch p\u0159\u00edpadech jsem povinna Va\u0161e osobn\u00ed \u00fadaje na V\u00e1\u0161 pokyn vymazat.<\/p>\n<h4>Pr\u00e1vo na omezen\u00ed zpracov\u00e1n\u00ed<\/h4>\n<p>Pokud si p\u0159ejete, abych Va\u0161e osobn\u00ed \u00fadaje zpracov\u00e1vala v\u00fdhradn\u011b pro nejnutn\u011bj\u0161\u00ed z\u00e1konn\u00e9 d\u016fvody nebo si p\u0159ejete osobn\u00ed \u00fadaje blokovat.<\/p>\n<h4>Pr\u00e1vo na p\u0159enositelnost \u00fadaj\u016f<\/h4>\n<p>Pokud si p\u0159ejete, abych poskytla Va\u0161e osobn\u00ed \u00fadaje jin\u00e9mu spr\u00e1vci, resp. jin\u00e9 spole\u010dnosti, p\u0159ed\u00e1m Va\u0161e osobn\u00ed \u00fadaje v odpov\u00eddaj\u00edc\u00edm form\u00e1tu V\u00e1mi ur\u010den\u00e9mu subjektu, pokud mi v tom nebudou br\u00e1nit \u017e\u00e1dn\u00e9 z\u00e1konn\u00e9 \u010di jin\u00e9 v\u00fdznamn\u00e9 p\u0159ek\u00e1\u017eky.<\/p>\n<h4>Pr\u00e1vo vzn\u00e9st n\u00e1mitku<\/h4>\n<p>Pokud byste zjistily nebo se jen domn\u00edv\u00e1te, \u017ee zpracov\u00e1n\u00ed osobn\u00edch \u00fadaj\u016f prov\u00e1d\u00edm v rozporu s ochranou Va\u0161eho soukrom\u00e9ho a osobn\u00edho \u017eivota nebo v rozporu s pr\u00e1vn\u00edmi p\u0159edpisy, obra\u0165te se pros\u00edm na m\u011b a po\u017e\u00e1dejte m\u011b o vysv\u011btlen\u00ed \u010di odstran\u011bn\u00ed vznikl\u00e9ho z\u00e1vadn\u00e9ho stavu.<\/p>\n<h4>Pr\u00e1vo podat st\u00ed\u017enost na \u00da\u0159ad pro Ochranu osobn\u00edch \u00fadaj\u016f<\/h4>\n<p>M\u016f\u017eete se kdykoliv obr\u00e1tit s Va\u0161\u00edm podn\u011btem \u010di st\u00ed\u017enost\u00ed ve v\u011bci zpracov\u00e1n\u00ed osobn\u00edch \u00fadaj\u016f na dozorov\u00fd org\u00e1n, a to na \u00da\u0159ad na ochranu osobn\u00edch \u00fadaj\u016f, se s\u00eddlem Pplk. Sochora 27, 170 00 Praha 7, webov\u00e9 str\u00e1nky https:\/\/www.uoou.cz\/.<\/p>\n<h4>Kde m\u016f\u017eete pr\u00e1va uplatnit a jsou tato pr\u00e1va zpoplatn\u011bna?<\/h4>\n<p>Jednotliv\u00e1 pr\u00e1va m\u016f\u017eete uplatnit zavol\u00e1n\u00edm na tel.\u010d\u00edslo +420 603 266 614, zasl\u00e1n\u00edm e-mailu na adresu alice@permanentnimakeup.cz nebo formou p\u00edsemn\u00e9 \u017e\u00e1dosti zaslan\u00e9 na adresu Na B\u0159evnovsk\u00e9 pl\u00e1ni 65, Praha 6.<\/p>\n<h3>JAK M\u016e\u017dETE ODVOLAT SOUHLAS SE ZPRACOV\u00c1N\u00cdM OSOBN\u00cdCH \u00daDAJ\u016e?<\/h3>\n<p>Souhlas se zpracov\u00e1n\u00edm osobn\u00edch \u00fadaj\u016f je zalo\u017een na principu dobrovolnosti. To znamen\u00e1, \u017ee jej m\u016f\u017eete kdykoliv odvolat.<\/p>\n<h4>Jak\u00fdm zp\u016fsobem m\u016f\u017eete odvol\u00e1n\u00ed poslat?<\/h4>\n<p>Zavol\u00e1n\u00edm na tel.\u010d\u00edslo +420 603 266 614, zasl\u00e1n\u00edm e-mailu na adresu alice@permanentnimakeup.cz nebo formou p\u00edsemn\u00e9 \u017e\u00e1dosti zaslan\u00e9 na adresu Na B\u0159evnovsk\u00e9 pl\u00e1ni 65, Praha 6.<\/p>[\/vc_column_text][\/vc_column][\/vc_row][vc_row][vc_column][vc_empty_space height=&#8221;40px&#8221;][\/vc_column][\/vc_row][vc_row][vc_column][vc_column_text]<\/p>\n[\/vc_column_text][\/vc_column][\/vc_row]","protected":false},"excerpt":{"rendered":"<p>[vc_row][vc_column][vc_column_text] [\/vc_column_text][\/vc_column][\/vc_row][vc_row][vc_column][vc_column_text] V\u00e1\u017een\u00e9 klientky,\u0159\u00e1dn\u00e9 zpracov\u00e1n\u00ed Va\u0161ich osobn\u00edch \u00fadaj\u016f je pro m\u011b velmi d\u016fle\u017eit\u00e9 a jejich ochrana je pro m\u011b naprostou samoz\u0159ejmost\u00ed, proto bych V\u00e1m r\u00e1da poskytla podrobn\u00e9 informace p\u0159edev\u0161\u00edm o tom, pro\u010d zpracov\u00e1v\u00e1m Va\u0161e osobn\u00ed \u00fadaje, jak\u00e9 d\u016fvody k tomu m\u00e1m, jak\u00e1 pr\u00e1va m\u00e1te v souvislosti se zpracov\u00e1n\u00edm Va\u0161ich osobn\u00edch \u00fadaj\u016f, ale i dal\u0161\u00ed informace, [&hellip;]<\/p>\n","protected":false},"author":1,"featured_media":0,"parent":0,"menu_order":0,"comment_status":"closed","ping_status":"closed","template":"","meta":[],"yoast_head":"<!-- This site is optimized with the Yoast SEO plugin v18.2 - https:\/\/yoast.com\/wordpress\/plugins\/seo\/ -->\n<title>Ochrana osobn\u00edch \u00fadaj\u016f - Permanentn\u00ed make-up Alice Sedm\u00edkov\u00e1<\/title>\n<meta name=\"robots\" content=\"index, follow, max-snippet:-1, max-image-preview:large, max-video-preview:-1\" \/>\n<link rel=\"canonical\" href=\"https:\/\/permanentnimakeup.cz\/alicesedmikova\/ochrana-osobnich-udaju\/\" \/>\n<meta property=\"og:locale\" content=\"cs_CZ\" \/>\n<meta property=\"og:type\" content=\"article\" \/>\n<meta property=\"og:title\" content=\"Ochrana osobn\u00edch \u00fadaj\u016f - Permanentn\u00ed make-up Alice Sedm\u00edkov\u00e1\" \/>\n<meta property=\"og:description\" content=\"[vc_row][vc_column][vc_column_text] [\/vc_column_text][\/vc_column][\/vc_row][vc_row][vc_column][vc_column_text] V\u00e1\u017een\u00e9 klientky,\u0159\u00e1dn\u00e9 zpracov\u00e1n\u00ed Va\u0161ich osobn\u00edch \u00fadaj\u016f je pro m\u011b velmi d\u016fle\u017eit\u00e9 a jejich ochrana je pro m\u011b naprostou samoz\u0159ejmost\u00ed, proto bych V\u00e1m r\u00e1da poskytla podrobn\u00e9 informace p\u0159edev\u0161\u00edm o tom, pro\u010d zpracov\u00e1v\u00e1m Va\u0161e osobn\u00ed \u00fadaje, jak\u00e9 d\u016fvody k tomu m\u00e1m, jak\u00e1 pr\u00e1va m\u00e1te v souvislosti se zpracov\u00e1n\u00edm Va\u0161ich osobn\u00edch \u00fadaj\u016f, ale i dal\u0161\u00ed informace, [&hellip;]\" \/>\n<meta property=\"og:url\" content=\"https:\/\/permanentnimakeup.cz\/alicesedmikova\/ochrana-osobnich-udaju\/\" \/>\n<meta property=\"og:site_name\" content=\"Permanentn\u00ed make-up Alice Sedm\u00edkov\u00e1\" \/>\n<meta property=\"article:modified_time\" content=\"2019-10-10T19:53:08+00:00\" \/>\n<meta name=\"twitter:card\" content=\"summary_large_image\" \/>\n<meta name=\"twitter:label1\" content=\"Odhadovan\u00e1 doba \u010dten\u00ed\" \/>\n\t<meta name=\"twitter:data1\" content=\"5 minut\" \/>\n<script type=\"application\/ld+json\" class=\"yoast-schema-graph\">{\"@context\":\"https:\/\/schema.org\",\"@graph\":[{\"@type\":\"WebSite\",\"@id\":\"https:\/\/permanentnimakeup.cz\/alicesedmikova\/#website\",\"url\":\"https:\/\/permanentnimakeup.cz\/alicesedmikova\/\",\"name\":\"Permanentn\u00ed make-up Alice Sedm\u00edkov\u00e1\",\"description\":\"Permanentni make-up Clinic\",\"potentialAction\":[{\"@type\":\"SearchAction\",\"target\":{\"@type\":\"EntryPoint\",\"urlTemplate\":\"https:\/\/permanentnimakeup.cz\/alicesedmikova\/?s={search_term_string}\"},\"query-input\":\"required name=search_term_string\"}],\"inLanguage\":\"cs\"},{\"@type\":\"WebPage\",\"@id\":\"https:\/\/permanentnimakeup.cz\/alicesedmikova\/ochrana-osobnich-udaju\/#webpage\",\"url\":\"https:\/\/permanentnimakeup.cz\/alicesedmikova\/ochrana-osobnich-udaju\/\",\"name\":\"Ochrana osobn\u00edch \u00fadaj\u016f - Permanentn\u00ed make-up Alice Sedm\u00edkov\u00e1\",\"isPartOf\":{\"@id\":\"https:\/\/permanentnimakeup.cz\/alicesedmikova\/#website\"},\"datePublished\":\"2019-05-05T06:29:41+00:00\",\"dateModified\":\"2019-10-10T19:53:08+00:00\",\"breadcrumb\":{\"@id\":\"https:\/\/permanentnimakeup.cz\/alicesedmikova\/ochrana-osobnich-udaju\/#breadcrumb\"},\"inLanguage\":\"cs\",\"potentialAction\":[{\"@type\":\"ReadAction\",\"target\":[\"https:\/\/permanentnimakeup.cz\/alicesedmikova\/ochrana-osobnich-udaju\/\"]}]},{\"@type\":\"BreadcrumbList\",\"@id\":\"https:\/\/permanentnimakeup.cz\/alicesedmikova\/ochrana-osobnich-udaju\/#breadcrumb\",\"itemListElement\":[{\"@type\":\"ListItem\",\"position\":1,\"name\":\"Dom\u016f\",\"item\":\"https:\/\/permanentnimakeup.cz\/alicesedmikova\/\"},{\"@type\":\"ListItem\",\"position\":2,\"name\":\"Ochrana osobn\u00edch \u00fadaj\u016f\"}]}]}<\/script>\n<!-- \/ Yoast SEO plugin. -->","yoast_head_json":{"title":"Ochrana osobn\u00edch \u00fadaj\u016f - Permanentn\u00ed make-up Alice Sedm\u00edkov\u00e1","robots":{"index":"index","follow":"follow","max-snippet":"max-snippet:-1","max-image-preview":"max-image-preview:large","max-video-preview":"max-video-preview:-1"},"canonical":"https:\/\/permanentnimakeup.cz\/alicesedmikova\/ochrana-osobnich-udaju\/","og_locale":"cs_CZ","og_type":"article","og_title":"Ochrana osobn\u00edch \u00fadaj\u016f - Permanentn\u00ed make-up Alice Sedm\u00edkov\u00e1","og_description":"[vc_row][vc_column][vc_column_text] [\/vc_column_text][\/vc_column][\/vc_row][vc_row][vc_column][vc_column_text] V\u00e1\u017een\u00e9 klientky,\u0159\u00e1dn\u00e9 zpracov\u00e1n\u00ed Va\u0161ich osobn\u00edch \u00fadaj\u016f je pro m\u011b velmi d\u016fle\u017eit\u00e9 a jejich ochrana je pro m\u011b naprostou samoz\u0159ejmost\u00ed, proto bych V\u00e1m r\u00e1da poskytla podrobn\u00e9 informace p\u0159edev\u0161\u00edm o tom, pro\u010d zpracov\u00e1v\u00e1m Va\u0161e osobn\u00ed \u00fadaje, jak\u00e9 d\u016fvody k tomu m\u00e1m, jak\u00e1 pr\u00e1va m\u00e1te v souvislosti se zpracov\u00e1n\u00edm Va\u0161ich osobn\u00edch \u00fadaj\u016f, ale i dal\u0161\u00ed informace, [&hellip;]","og_url":"https:\/\/permanentnimakeup.cz\/alicesedmikova\/ochrana-osobnich-udaju\/","og_site_name":"Permanentn\u00ed make-up Alice Sedm\u00edkov\u00e1","article_modified_time":"2019-10-10T19:53:08+00:00","twitter_card":"summary_large_image","twitter_misc":{"Odhadovan\u00e1 doba \u010dten\u00ed":"5 minut"},"schema":{"@context":"https:\/\/schema.org","@graph":[{"@type":"WebSite","@id":"https:\/\/permanentnimakeup.cz\/alicesedmikova\/#website","url":"https:\/\/permanentnimakeup.cz\/alicesedmikova\/","name":"Permanentn\u00ed make-up Alice Sedm\u00edkov\u00e1","description":"Permanentni make-up Clinic","potentialAction":[{"@type":"SearchAction","target":{"@type":"EntryPoint","urlTemplate":"https:\/\/permanentnimakeup.cz\/alicesedmikova\/?s={search_term_string}"},"query-input":"required name=search_term_string"}],"inLanguage":"cs"},{"@type":"WebPage","@id":"https:\/\/permanentnimakeup.cz\/alicesedmikova\/ochrana-osobnich-udaju\/#webpage","url":"https:\/\/permanentnimakeup.cz\/alicesedmikova\/ochrana-osobnich-udaju\/","name":"Ochrana osobn\u00edch \u00fadaj\u016f - Permanentn\u00ed make-up Alice Sedm\u00edkov\u00e1","isPartOf":{"@id":"https:\/\/permanentnimakeup.cz\/alicesedmikova\/#website"},"datePublished":"2019-05-05T06:29:41+00:00","dateModified":"2019-10-10T19:53:08+00:00","breadcrumb":{"@id":"https:\/\/permanentnimakeup.cz\/alicesedmikova\/ochrana-osobnich-udaju\/#breadcrumb"},"inLanguage":"cs","potentialAction":[{"@type":"ReadAction","target":["https:\/\/permanentnimakeup.cz\/alicesedmikova\/ochrana-osobnich-udaju\/"]}]},{"@type":"BreadcrumbList","@id":"https:\/\/permanentnimakeup.cz\/alicesedmikova\/ochrana-osobnich-udaju\/#breadcrumb","itemListElement":[{"@type":"ListItem","position":1,"name":"Dom\u016f","item":"https:\/\/permanentnimakeup.cz\/alicesedmikova\/"},{"@type":"ListItem","position":2,"name":"Ochrana osobn\u00edch \u00fadaj\u016f"}]}]}},"_links":{"self":[{"href":"https:\/\/permanentnimakeup.cz\/alicesedmikova\/wp-json\/wp\/v2\/pages\/125"}],"collection":[{"href":"https:\/\/permanentnimakeup.cz\/alicesedmikova\/wp-json\/wp\/v2\/pages"}],"about":[{"href":"https:\/\/permanentnimakeup.cz\/alicesedmikova\/wp-json\/wp\/v2\/types\/page"}],"author":[{"embeddable":true,"href":"https:\/\/permanentnimakeup.cz\/alicesedmikova\/wp-json\/wp\/v2\/users\/1"}],"replies":[{"embeddable":true,"href":"https:\/\/permanentnimakeup.cz\/alicesedmikova\/wp-json\/wp\/v2\/comments?post=125"}],"version-history":[{"count":6,"href":"https:\/\/permanentnimakeup.cz\/alicesedmikova\/wp-json\/wp\/v2\/pages\/125\/revisions"}],"predecessor-version":[{"id":233,"href":"https:\/\/permanentnimakeup.cz\/alicesedmikova\/wp-json\/wp\/v2\/pages\/125\/revisions\/233"}],"wp:attachment":[{"href":"https:\/\/permanentnimakeup.cz\/alicesedmikova\/wp-json\/wp\/v2\/media?parent=125"}],"curies":[{"name":"wp","href":"https:\/\/api.w.org\/{rel}","templated":true}]}}